
Let i(c) = 1561*c**2 - 11*c - 1. Determine i(-1).
1571
Let o(r) = -4*r**2 + 1753*r + 59690. Give o(470).
0
Let j(t) = 787*t - 13282. Give j(17).
97
Let h(y) = -97*y**3 - 4*y**2 - 74*y - 70. What is h(-1)?
97
Let h(m) = -8*m**3 + 219*m**2 - 82*m - 15. What is h(27)?
-42
Let f(o) = -176*o - 2587. Determine f(-26).
1989
Let k(s) = -101844*s + 305529. Determine k(3).
-3
Let c(n) = -4007*n - 28128. Determine c(-7).
-79
Let t(p) = -121232*p + 727336. Calculate t(6).
-56
Let c(z) = -z**2 - 273*z + 9262. Determine c(32).
-498
Let b(a) = 9*a**3 - 1699*a**2 - 5081*a + 41. Calculate b(-3).
-250
Let k(b) = -787*b + 36263. Calculate k(46).
61
Let l(t) = t**2 - 24*t - 357. Give l(50).
943
Let u(c) = -c**2 - 503*c - 30339. Determine u(-70).
-29
Let j(h) = 293810*h + 587597. Determine j(-2).
-23
Let f(s) = -502*s - 40662. Determine f(-81).
0
Let q(a) = 9045*a + 497450. What is q(-55)?
-25
Let z(u) = -u**3 - 153*u**2 - 5654*u + 858. Calculate z(-63).
-150
Let d(u) = -1082*u + 119988. Calculate d(111).
-114
Let i(y) = -1366*y + 6666. Calculate i(5).
-164
Let y(d) = 6125*d - 747255. Give y(122).
-5
Let s(j) = 2589*j + 58309. Determine s(-23).
-1238
Let f(a) = -3*a**3 - 221*a**2 + 34994*a - 5731. What is f(-151)?
7
Let r(n) = -939*n + 24422. Determine r(26).
8
Let l(j) = 44*j**2 + 8726*j - 117732. What is l(-211)?
6
Let r(l) = -3634*l + 19157. Calculate r(5).
987
Let x(j) = -4*j**3 - 936*j**2 + 6741*j + 53. Give x(7).
4
Let k(d) = -12349*d - 1210337. What is k(-98)?
-135
Let r(u) = 7689*u**2 - 45843*u - 1753. Give r(6).
-7
Let r(d) = 4*d**3 - 386*d**2 - 194*d - 72. What is r(97)?
-72
Let d(f) = -21*f**2 - 768*f - 3017. Give d(-4).
-281
Let o(g) = -4*g**2 - 273*g + 47. Give o(-5).
1312
Let h(v) = -3*v**3 - v**2 - 752*v - 1509. What is h(-2)?
15
Let u(h) = 189071*h - 9264471. What is u(49)?
8
Let a(k) = k**3 - 6*k**2 - 23*k - 2876. What is a(17)?
-88
Let f(a) = 1070*a**2 + 24615*a + 47. What is f(-23)?
-68
Let w(z) = -83552*z - 334234. Calculate w(-4).
-26
Let r(k) = k**3 + 70*k**2 - 32*k - 1618. Determine r(-71).
-4387
Let t(z) = -3*z**2 + 605*z + 4624. Calculate t(209).
26
Let m(q) = -q**3 + 50*q**2 - 497*q + 676. Give m(37).
84
Let q(p) = -4*p**3 + 132*p**2 - 495*p - 4157. Determine q(27).
-26
Let x(v) = 7085*v - 836028. Calculate x(118).
2
Let i(x) = x**2 - 137*x + 4714. Calculate i(71).
28
Let o(w) = w**3 - 79*w**2 + 327*w - 208. What is o(75)?
1817
Let y(a) = a**3 - 697*a**2 + 106427*a + 4331. Give y(226).
37
Let i(o) = -14*o**3 - 6*o**2 + 4*o + 29. What is i(-3)?
341
Let j(u) = -241225*u - 13749827. Determine j(-57).
-2
Let k(p) = 7882*p - 38916. Give k(5).
494
Let l(o) = 2215*o + 1679042. Give l(-758).
72
Let x(l) = l**3 + 88*l**2 + 1095*l - 816. Calculate x(-73).
-816
Let a(g) = -47*g**3 + 369*g**2 + 19*g + 323. Calculate a(8).
27
Let a(s) = s**3 - 184*s**2 + 369*s - 709. Give a(182).
201
Let w(v) = -3276*v**2 + 13114*v - 7. Give w(4).
33
Let n(s) = -970*s + 90187. Calculate n(93).
-23
Let y(m) = -5*m**3 - 500*m**2 + 113*m + 11356. What is y(-100)?
56
Let l(f) = 2032*f + 189. Give l(0).
189
Let j(m) = -170*m**2 + 1860*m + 4551. Calculate j(13).
1
Let t(w) = 19343*w - 154764. Calculate t(8).
-20
Let o(h) = -5*h**2 - 338*h - 1241. Give o(-63).
208
Let h(k) = -130*k + 26668. Determine h(197).
1058
Let f(u) = -7*u**2 + 264*u + 116. Determine f(41).
-827
Let b(g) = 1510*g**2 + 22642*g - 73. Give b(-15).
47
Let d(g) = 7635*g + 122176. Give d(-16).
16
Let h(k) = 38885*k - 117159. Calculate h(3).
-504
Let m(p) = p**3 - 47*p**2 + 761*p - 4592. Give m(23).
215
Let q(t) = 1433*t**3 - 106060*t**2 + 1345*t - 967. Give q(74).
-5
Let b(a) = -2*a**3 - 2*a**2 - 97*a + 1698. Determine b(10).
-1472
Let r(f) = -f**3 + 14*f**2 - 196*f + 2650. Calculate r(14).
-94
Let w(s) = 458*s**2 - 218923*s - 424. Give w(478).
54
Let n(y) = 633*y - 170203. Calculate n(270).
707
Let t(q) = 2429*q - 242889. What is t(100)?
11
Let q(v) = -9*v**3 + 166*v**2 - 153*v - 13. What is q(1)?
-9
Let d(g) = -400462*g - 17219860. Determine d(-43).
6
Let n(h) = -18505*h**2 - 74027*h - 2. Give n(-4).
26
Let d(f) = 64*f**3 + 17873*f**2 + 4744*f + 260. Give d(-279).
-19
Let k(h) = -1489*h + 282899. What is k(190)?
-11
Let p(l) = l**3 + 77*l**2 + 910*l - 13972. Determine p(-29).
6
Let d(g) = 6471*g + 317065. Calculate d(-49).
-14
Let n(c) = 31963*c - 41200309. Give n(1289).
-2
Let c(g) = -g**3 + 52*g - 1873. What is c(-12)?
-769
Let g(i) = 141*i**2 - 4053*i + 2888. Calculate g(28).
-52
Let j(q) = 305*q - 5402. Determine j(16).
-522
Let r(j) = 888*j - 62854. Give r(73).
1970
Let g(p) = 20*p**2 + 975*p - 37378. Calculate g(-74).
-8
Let l(u) = 2*u**2 - 3308*u - 150. What is l(0)?
-150
Let w(z) = -87*z**2 - 6698*z + 86. What is w(-77)?
9
Let i(z) = 26818*z + 944. What is i(0)?
944
Let t(y) = 11180*y - 3. Determine t(0).
-3
Let n(r) = r**3 + 83*r**2 - 1259*r - 25350. Give n(-12).
-18
Let v(o) = 453953*o - 5447458. What is v(12)?
-22
Let n(w) = 73*w + 1756. Determine n(-17).
515
Let g(b) = 200*b**2 + 833*b + 827. Determine g(-1).
194
Let k(l) = -413*l + 2088. Calculate k(5).
23
Let z(n) = -95*n**2 - 222*n + 597. Determine z(-4).
-35
Let d(m) = 5*m**2 - 86*m + 1235. Give d(19).
1406
Let t(f) = 458518*f + 3209624. What is t(-7)?
-2
Let p(l) = -4*l**3 - 347*l**2 + 93*l + 408. Give p(-87).
-114
Let n(m) = -466*m - 11957. What is n(-26)?
159
Let l(u) = 2474*u + 37291. Calculate l(-15).
181
Let k(z) = -z**3 - 10*z**2 - 7623*z - 37989. Give k(-5).
1
Let a(t) = -30*t**2 + 223*t + 1600. Determine a(-8).
-2104
Let q(y) = -1190*y + 174151. Calculate q(146).
411
Let m(q) = -4*q**3 - 33*q**2 + 1043*q + 7503. What is m(-7)?
-43
Let j(d) = d**2 + 605*d + 36525. Determine j(-68).
9
Let h(d) = 25*d**2 - 4010*d - 3. Calculate h(0).
-3
Let s(r) = -r**3 + 11*r**2 - 184*r + 2941. What is s(14)?
-223
Let q(f) = -f**3 + 59*f**2 - 273*f - 2483. Calculate q(53).
-98
Let g(a) = -2*a**2 + 786*a + 32840. What is g(431)?
84
Let m(w) = 568*w - 114605. What is m(201)?
-437
Let u(z) = 30*z**2 - 331*z + 303. Give u(1).
2
Let b(y) = -y**3 + 1241*y**2 + 8686*y - 358. What is b(-7)?
-8
Let b(d) = 6*d**2 + 931*d + 35201. Give b(-90).
11
Let d(a) = 4560*a + 72383. What is d(-16)?
-577
Let y(g) = -34*g**2 - 248*g + 730. Calculate y(5).
-1360
Let q(p) = 4503*p + 1062708. What is q(-236)?
0
Let g(v) = v**3 - 25*v**2 + 154*v - 39. Calculate g(13).
-65
Let i(g) = g**2 + 262*g - 3207. Determine i(12).
81
Let w(n) = 3*n**3 - 17*n**2 + 35*n - 29. What is w(2)?
-3
Let c(z) = -190192*z - 1711901. Determine c(-9).
-173
Let k(u) = -6*u**3 - 368*u**2 - 2079*u + 324. What is k(-55)?
-281
Let u(j) = 26*j**3 - 1987*j**2 + 831*j + 384. What is u(76)?
4
Let j(m) = 328026*m + 3936314. Give j(-12).
2
Let g(m) = 186*m + 12354. Give g(-67).
-108
Let w(s) = 3*s**3 - 19*s**2 - 66*s + 46. Determine w(8).
-162
Let d(x) = -2*x**2 - 740*x - 38720. Give d(-307).
-38
Let g(l) = -890465*l + 890481. Calculate g(1).
16
Let w(u) = -u**3 + 472*u**2 - 2316*u - 49. What is w(5)?
46
Let d(s) = -43107*s - 260905. Calculate d(-6).
-2263
Let a(x) = -8733*x - 742306. Give a(-85).
-1
Let h(i) = -i**2 - 429*i - 11833. Calculate h(-30).
137
Let u(r) = -123*r**2 - 3043*r - 9660. Give u(-21).
0
Let d(i) = i**3 - 2*i**2 - 69*i - 167. Give d(-12).
-1355
Let b(j) = 951107*j + 7608893. Give b(-8).
37
Let c(b) = 22718*b - 1006. What is c(0)?
-1006
Let p(j) = -j**2 - 932*j + 1873. Calculate p(2).
5
Let a(h) = -3*h**2 - 5*h + 70066. Determine a(152).
-6
Let j(f) = f**2 - 35266*f - 141065. Give j(-4).
15
Let u(a) = 44298*a - 2037689. What is u(46)?
19
Let h(x) = -12*x**3 + 710*x**2 - 161*x + 2540. Calculate h(59).
3
Let c(f) = -27*f**3 + f**2 + 16*f. What is c(-2)?
188
Let c(r) = -2*r**2 + 302*r - 1089. Give c(148).
-201
Let s(d) = -2234186*d - 8936747. Give s(-4).
-3
Let b(j) = -1753*j**2 + 80*j - 75. What is b(1)?
-1748
Let o(l) = l**3 + 73*l**2 - 274*l + 2592. What is o(-77)?
-26
Let v(h) = 3*h**3 + 101*h**2 + 758*h + 1508. Calculate v(-24).
20
Let k(r) = -8*r**2 - 451*r + 7569. Calculate k(-70).
-61
Let n(z) = -z**2 - 86*z + 991. Give n(0).
991
Let z(v) = -v**3 - 7*v**2 - 904*v - 3513. Give z(-4).
55
Let a(m) = m**3 - 40*m**2 - 7*m + 658. Determine a(39).
-1136
Let y(t) = t**3 - 15*t**2 - 290*t + 4858. Give y(16).
474
Let g(v) = -4*v**2 - 609*v - 19559. Calculate g(-47).
228
Let f(n) = 37*n**2 - 